at is the remainder when 69106 is divided by 11406?
670
What is the remainder when 79843 is divided by 2155?
108
What is the remainder when 231999 is divided by 1871?
1866
Calculate the remainder when 30135547 is divided by 281.
264
Calculate the remainder when 5333085 is divided by 136.
117
What is the remainder when 4327877 is divided by 1125?
2
Calculate the remainder when 21590033 is divided by 289.
288
Calculate the remainder when 8606800 is divided by 1434398.
412
What is the remainder when 1169944 is divided by 24?
16
Calculate the remainder when 1621291 is divided by 6334.
6121
What is the remainder when 2070331 is divided by 164?
159
What is the remainder when 3400778 is divided by 679913?
1213
What is the remainder when 1312576 is divided by 911?
736
What is the remainder when 398419 is divided by 199113?
193
What is the remainder when 257161 is divided by 61?
46
What is the remainder when 41704158 is divided by 16?
14
Calculate the remainder when 194103 is divided by 39.
0
What is the remainder when 4041002 is divided by 3634?
3628
Calculate the remainder when 3130276 is divided by 130428.
4
What is the remainder when 32536 is divided by 32459?
77
What is the remainder when 3521674 is divided by 11621?
511
Calculate the remainder when 149516 is divided by 934.
76
What is the remainder when 7480762 is divided by 114?
82
Calculate the remainder when 33965 is divided by 8460.
125
Calculate the remainder when 71640 is divided by 1885.
10
What is the remainder when 368975 is divided by 91852?
1567
What is the remainder when 925357 is divided by 76826?
3445
Calculate the remainder when 45595344 is divided by 12.
0
Calculate the remainder when 51854037 is divided by 1083.
1080
What is the remainder when 88698729 is divided by 126?
21
Calculate the remainder when 176659 is divided by 12616.
35
Calculate the remainder when 34406952 is divided by 560.
552
What is the remainder when 6307979 is divided by 576?
203
What is the remainder when 767262 is divided by 5656?
3702
What is the remainder when 1701742 is divided by 44?
42
What is the remainder when 1252086 is divided by 257?
239
Calculate the remainder when 506708 is divided by 1303.
1144
What is the remainder when 1899922 is divided by 4884?
46
What is the remainder when 927127 is divided by 4854?
13
What is the remainder when 6494465 is divided by 11515?
5
Calculate the remainder when 97491668 is divided by 12277.
11
What is the remainder when 2121202 is divided by 17?
10
What is the remainder when 788238 is divided by 112501?
731
What is the remainder when 1515820 is divided by 10241?
152
What is the remainder when 2514573 is divided by 116?
41
What is the remainder when 752002 is divided by 137?
9
Calculate the remainder when 1677888 is divided by 924.
828
Calculate the remainder when 5648489 is divided by 4052.
1
What is the remainder when 768837 is divided by 130?
17
What is the remainder when 5459766 is divided by 63?
60
What is the remainder when 2299979 is divided by 66?
11
What is the remainder when 4449134 is divided by 4135?
4009
What is the remainder when 9190 is divided by 2135?
650
What is the remainder when 435727 is divided by 288?
271
What is the remainder when 17821133 is divided by 92?
89
What is the remainder when 349907 is divided by 13452?
155
Calculate the remainder when 8412476 is divided by 70693.
9
Calculate the remainder when 1634125 is divided by 307.
271
What is the remainder when 10761307 is divided by 76?
11
What is the remainder when 253680 is divided by 251992?
1688
Calculate the remainder when 3365129 is divided by 129428.
1
What is the remainder when 594807903 is divided by 1806?
1803
What is the remainder when 71746157 is divided by 8241?
11
Calculate the remainder when 10350823 is divided by 187.
186
Calculate the remainder when 209776 is divided by 4474.
3972
What is the remainder when 4896556 is divided by 12?
4
What is the remainder when 70314856 is divided by 2329?
17
Calculate the remainder when 590675 is divided by 73814.
163
Calculate the remainder when 12379243 is divided by 168.
163
What is the remainder when 936170 is divided by 312051?
17
What is the remainder when 659353 is divided by 659337?
16
What is the remainder when 782914 is divided by 391457?
0
What is the remainder when 1168973 is divided by 83?
1
Calculate the remainder when 113473157 is divided by 40.
37
What is the remainder when 20210121 is divided by 471?
453
Calculate the remainder when 10480859 is divided by 107.
102
What is the remainder when 236478 is divided by 6950?
178
What is the remainder when 5096146 is divided by 62?
56
What is the remainder when 57226 is divided by 744?
682
Calculate the remainder when 8700869 is divided by 3113.
34
Calculate the remainder when 113736 is divided by 112642.
1094
What is the remainder when 246866 is divided by 2229?
1676
What is the remainder when 84928 is divided by 838?
290
What is the remainder when 136992 is divided by 5484?
5376
Calculate the remainder when 89751599 is divided by 75.
74
Calculate the remainder when 43221118 is divided by 1263.
1258
Calculate the remainder when 121149 is divided by 5704.
1365
Calculate the remainder when 301625 is divided by 42.
23
Calculate the remainder when 3873947 is divided by 3.
2
What is the remainder when 101777 is divided by 12481?
1929
What is the remainder when 646547 is divided by 1220?
1167
What is the remainder when 276474 is divided by 133?
100
Calculate the remainder when 41001127 is divided by 44.
35
Calculate the remainder when 6661041 is divided by 987.
765
Calculate the remainder when 776391 is divided by 11916.
1851
What is the remainder when 361034 is divided by 90258?
2
What is the remainder when 212422 is divided by 2394?
1750
What is the remainder when 2435806 is divided by 278?
248
What is the remainder when 5533 is divided by 593?
196
Calculate the remainder when 18664928 is divided by 6221640.
8
What is the remainder when 8775 is divided by 2326?
1797
What is the remainder when 3578969 is divided by 30?
29
What is the remainder when 112548711 is divided by 8566?
37
What is the remainder when 139475 is divided by 10291?
5692
Calculate the remainder when 49785438 is divided by 65079.
3
Calculate the remainder when 420953 is divided by 210350.
253
What is the remainder when 2062686 is divided by 257834?
14
Calculate the remainder when 61603 is divided by 19254.
3841
What is the remainder when 1150998 is divided by 377?
17
What is the remainder when 127404 is divided by 15802?
988
Calculate the remainder when 275695 is divided by 92.
63
Calculate the remainder when 1177185 is divided by 392324.
213
Calculate the remainder when 3928335 is divided by 1084.
1003
Calculate the remainder when 523722552 is divided by 14.
10
Calculate the remainder when 12275501 is divided by 102.
5
What is the remainder when 1999385 is divided by 445?
0
Calculate the remainder when 12033889 is divided by 4011293.
10
Calculate the remainder when 59522453 is divided by 14.
11
Calculate the remainder when 1151669 is divided by 26.
25
What is the remainder when 16439307 is divided by 8?
3
What is the remainder when 21129 is divided by 20679?
450
What is the remainder when 3069610 is divided by 63?
61
What is the remainder when 400325 is divided by 106?
69
Calculate the remainder when 328678 is divided by 440.
438
What is the remainder when 1226649 is divided by 1226196?
453
What is the remainder when 7052806 is divided by 17?
16
What is the remainder when 13768680 is divided by 406?
2
Calculate the remainder when 3109561 is divided by 4295.
4276
What is the remainder when 109760 is divided by 2114?
1946
What is the remainder when 48940 is divided by 48885?
55
Calculate the remainder when 11101 is divided by 1146.
787
Calculate the remainder when 469588 is divided by 609.
49
What is the remainder when 379396 is divided by 816?
772
Calculate the remainder when 1171195 is divided by 3200.
3195
What is the remainder when 8963441 is divided by 14964?
5
Calculate the remainder when 391157 is divided by 11481.
803
Calculate the remainder when 14688128 is divided by 1215.
1208
Calculate the remainder when 167034 is divided by 83475.
84
What is the remainder when 237562 is divided by 36?
34
Calculate th